{"id":10,"date":"2023-11-17T19:17:14","date_gmt":"2023-11-17T19:17:14","guid":{"rendered":"https:\/\/karaoke-in-berlin.org\/?page_id=10"},"modified":"2023-11-17T19:17:14","modified_gmt":"2023-11-17T19:17:14","slug":"venues","status":"publish","type":"page","link":"https:\/\/karaoke-in-berlin.org\/?page_id=10","title":{"rendered":"Venues"},"content":{"rendered":"<div class=\"emagic\">\r\n<div class=\"ep-event-venues-container ep-mb-5\" id=\"ep-event-venues-container\">\r\n        <form id=\"ep_venue_search_form\" class=\"ep-box-wrap ep-box-search-form ep-box-bottom ep-mb-4\" name=\"ep_venue_search_form\" action=\"\">\r\n        <div class=\"ep-bg-light ep-border ep-rounded ep-px-3\">\r\n            <div class=\"ep-box-row\">\r\n                <div class=\"ep-box-col-8 ep-p-3 ep-position-relative\">\r\n                    <div class=\"ep-input-group\">\r\n                        <span class=\"ep-input-group-text ep-bg-white ep-text-muted\">\r\n                            <span class=\"material-icons-outlined\">search<\/span>\r\n                        <\/span>\r\n                        <input type=\"hidden\" name=\"ep_search\" value=\"1\" \/>\r\n                        <input placeholder=\"Keyword\" class=\"ep-form-control ep-form-control-sm ep-border-start-0\" type=\"text\" name=\"keyword\" id=\"ep_keyword\" value=\"\" \/>  \r\n                        <input class=\"ep-btn ep-btn-dark ep-btn-sm\" type=\"submit\" value=\"Search\"\/>\r\n                    <\/div>\r\n                <\/div>\r\n                <div class=\"ep-box-col-4 ep-event-filter-block ep-text-item-right ep-d-inline-flex ep-align-items-center\">\r\n                                    <\/div>\r\n            <\/div>\r\n        <\/div>\r\n    <\/form>\r\n    \r\n            <div class=\"em_venues dbfl\">\r\n            <div class=\"ep-box-wrap ep-event-venues-card-container\">\r\n                <div id=\"ep-event-venues-loader-section\" class=\"ep-box-row ep-box-top ep-venue-card-wrap\">\r\n                        <div class=\"ep-box-col-3 ep-col-md-6 ep-mb-3 ep-venue-col-section\">\r\n        <div class=\"ep-box-card-item \">\r\n            <div class=\"ep-box-card-thumb\" >\r\n                <a href=\"https:\/\/karaoke-in-berlin.org\/?page_id=10&amp;venue=188\" class=\"ep-img-link\">\r\n                    <img decoding=\"async\" src=\"https:\/\/karaoke-in-berlin.org\/wp-content\/uploads\/2026\/04\/496508507_1559130135137680_8787952104946985462_n.jpg\" alt=\"AHA\">\r\n                <\/a>\r\n            <\/div>\r\n            <div class=\"ep-box-card-content ep-p-3 ep-bg-white\">\r\n                <div class=\"ep-box-title ep-box-card-title ep-text-truncate ep-mb-2\">\r\n                    <a href=\"https:\/\/karaoke-in-berlin.org\/?page_id=10&#038;venue=188\" class=\"ep-fw-bold ep-fs-6\">\r\n                        AHA                    <\/a>\r\n                <\/div>\r\n                \r\n                <div class=\"ep-box-card-venue ep-card-venue ep-text-muted ep-text-small ep-text-truncate ep-mb-1\">\r\n                                    <\/div>\r\n                \r\n                <div class=\"ep-venue-seating-capacity ep-event-details ep-text-small ep-d-flex ep-justify-content-between\">\r\n                                            <div class=\"ep-event-attr-name ep-fw-bold\">Type : Standing<\/div>\r\n                                        <\/div>\r\n            <\/div>\r\n        <\/div>\r\n    <\/div>    <div class=\"ep-box-col-3 ep-col-md-6 ep-mb-3 ep-venue-col-section\">\r\n        <div class=\"ep-box-card-item \">\r\n            <div class=\"ep-box-card-thumb\" >\r\n                <a href=\"https:\/\/karaoke-in-berlin.org\/?page_id=10&amp;venue=187\" class=\"ep-img-link\">\r\n                    <img decoding=\"async\" src=\"https:\/\/karaoke-in-berlin.org\/wp-content\/plugins\/eventprime-event-calendar-management\/admin\/partials\/images\/dummy_image.png\" alt=\"Wannsee Welle\">\r\n                <\/a>\r\n            <\/div>\r\n            <div class=\"ep-box-card-content ep-p-3 ep-bg-white\">\r\n                <div class=\"ep-box-title ep-box-card-title ep-text-truncate ep-mb-2\">\r\n                    <a href=\"https:\/\/karaoke-in-berlin.org\/?page_id=10&#038;venue=187\" class=\"ep-fw-bold ep-fs-6\">\r\n                        Wannsee Welle                    <\/a>\r\n                <\/div>\r\n                \r\n                <div class=\"ep-box-card-venue ep-card-venue ep-text-muted ep-text-small ep-text-truncate ep-mb-1\">\r\n                                    <\/div>\r\n                \r\n                <div class=\"ep-venue-seating-capacity ep-event-details ep-text-small ep-d-flex ep-justify-content-between\">\r\n                                            <div class=\"ep-event-attr-name ep-fw-bold\">Type : Standing<\/div>\r\n                                        <\/div>\r\n            <\/div>\r\n        <\/div>\r\n    <\/div>    <div class=\"ep-box-col-3 ep-col-md-6 ep-mb-3 ep-venue-col-section\">\r\n        <div class=\"ep-box-card-item \">\r\n            <div class=\"ep-box-card-thumb\" >\r\n                <a href=\"https:\/\/karaoke-in-berlin.org\/?page_id=10&amp;venue=186\" class=\"ep-img-link\">\r\n                    <img decoding=\"async\" src=\"https:\/\/karaoke-in-berlin.org\/wp-content\/plugins\/eventprime-event-calendar-management\/admin\/partials\/images\/dummy_image.png\" alt=\"Ev. Gemeindezentrum Biesdorf\">\r\n                <\/a>\r\n            <\/div>\r\n            <div class=\"ep-box-card-content ep-p-3 ep-bg-white\">\r\n                <div class=\"ep-box-title ep-box-card-title ep-text-truncate ep-mb-2\">\r\n                    <a href=\"https:\/\/karaoke-in-berlin.org\/?page_id=10&#038;venue=186\" class=\"ep-fw-bold ep-fs-6\">\r\n                        Ev. Gemeindezentrum Biesdorf                    <\/a>\r\n                <\/div>\r\n                \r\n                <div class=\"ep-box-card-venue ep-card-venue ep-text-muted ep-text-small ep-text-truncate ep-mb-1\">\r\n                    Alt-Biesdorf 59, Berlin-Bezirk Marzahn-Hellersdorf, Deutschland                <\/div>\r\n                \r\n                <div class=\"ep-venue-seating-capacity ep-event-details ep-text-small ep-d-flex ep-justify-content-between\">\r\n                                            <div class=\"ep-event-attr-name ep-fw-bold\">Type : Standing<\/div>\r\n                                        <\/div>\r\n            <\/div>\r\n        <\/div>\r\n    <\/div>    <div class=\"ep-box-col-3 ep-col-md-6 ep-mb-3 ep-venue-col-section\">\r\n        <div class=\"ep-box-card-item \">\r\n            <div class=\"ep-box-card-thumb\" >\r\n                <a href=\"https:\/\/karaoke-in-berlin.org\/?page_id=10&amp;venue=185\" class=\"ep-img-link\">\r\n                    <img decoding=\"async\" src=\"https:\/\/karaoke-in-berlin.org\/wp-content\/uploads\/2026\/03\/IMG_4608-1024x683.jpg\" alt=\"B3 - Kiezkneipe\">\r\n                <\/a>\r\n            <\/div>\r\n            <div class=\"ep-box-card-content ep-p-3 ep-bg-white\">\r\n                <div class=\"ep-box-title ep-box-card-title ep-text-truncate ep-mb-2\">\r\n                    <a href=\"https:\/\/karaoke-in-berlin.org\/?page_id=10&#038;venue=185\" class=\"ep-fw-bold ep-fs-6\">\r\n                        B3 - Kiezkneipe                    <\/a>\r\n                <\/div>\r\n                \r\n                <div class=\"ep-box-card-venue ep-card-venue ep-text-muted ep-text-small ep-text-truncate ep-mb-1\">\r\n                    Richard-Wagner-Platz 1, Berlin-Bezirk Charlottenburg-Wilmersdorf, Deutschland                <\/div>\r\n                \r\n                <div class=\"ep-venue-seating-capacity ep-event-details ep-text-small ep-d-flex ep-justify-content-between\">\r\n                                            <div class=\"ep-event-attr-name ep-fw-bold\">Type : Standing<\/div>\r\n                                        <\/div>\r\n            <\/div>\r\n        <\/div>\r\n    <\/div>    <div class=\"ep-box-col-3 ep-col-md-6 ep-mb-3 ep-venue-col-section\">\r\n        <div class=\"ep-box-card-item \">\r\n            <div class=\"ep-box-card-thumb\" >\r\n                <a href=\"https:\/\/karaoke-in-berlin.org\/?page_id=10&amp;venue=184\" class=\"ep-img-link\">\r\n                    <img decoding=\"async\" src=\"https:\/\/karaoke-in-berlin.org\/wp-content\/plugins\/eventprime-event-calendar-management\/admin\/partials\/images\/dummy_image.png\" alt=\"Cello\">\r\n                <\/a>\r\n            <\/div>\r\n            <div class=\"ep-box-card-content ep-p-3 ep-bg-white\">\r\n                <div class=\"ep-box-title ep-box-card-title ep-text-truncate ep-mb-2\">\r\n                    <a href=\"https:\/\/karaoke-in-berlin.org\/?page_id=10&#038;venue=184\" class=\"ep-fw-bold ep-fs-6\">\r\n                        Cello                    <\/a>\r\n                <\/div>\r\n                \r\n                <div class=\"ep-box-card-venue ep-card-venue ep-text-muted ep-text-small ep-text-truncate ep-mb-1\">\r\n                                    <\/div>\r\n                \r\n                <div class=\"ep-venue-seating-capacity ep-event-details ep-text-small ep-d-flex ep-justify-content-between\">\r\n                                            <div class=\"ep-event-attr-name ep-fw-bold\">Type : Standing<\/div>\r\n                                        <\/div>\r\n            <\/div>\r\n        <\/div>\r\n    <\/div>    <div class=\"ep-box-col-3 ep-col-md-6 ep-mb-3 ep-venue-col-section\">\r\n        <div class=\"ep-box-card-item \">\r\n            <div class=\"ep-box-card-thumb\" >\r\n                <a href=\"https:\/\/karaoke-in-berlin.org\/?page_id=10&amp;venue=183\" class=\"ep-img-link\">\r\n                    <img decoding=\"async\" src=\"https:\/\/karaoke-in-berlin.org\/wp-content\/plugins\/eventprime-event-calendar-management\/admin\/partials\/images\/dummy_image.png\" alt=\"Gem\u00fctliche Ecke\">\r\n                <\/a>\r\n            <\/div>\r\n            <div class=\"ep-box-card-content ep-p-3 ep-bg-white\">\r\n                <div class=\"ep-box-title ep-box-card-title ep-text-truncate ep-mb-2\">\r\n                    <a href=\"https:\/\/karaoke-in-berlin.org\/?page_id=10&#038;venue=183\" class=\"ep-fw-bold ep-fs-6\">\r\n                        Gem\u00fctliche Ecke                    <\/a>\r\n                <\/div>\r\n                \r\n                <div class=\"ep-box-card-venue ep-card-venue ep-text-muted ep-text-small ep-text-truncate ep-mb-1\">\r\n                    Zur Gem\u00fctlichen Ecke, Otawistra\u00dfe, Berlin, Deutschland                <\/div>\r\n                \r\n                <div class=\"ep-venue-seating-capacity ep-event-details ep-text-small ep-d-flex ep-justify-content-between\">\r\n                                            <div class=\"ep-event-attr-name ep-fw-bold\">Type : Standing<\/div>\r\n                                        <\/div>\r\n            <\/div>\r\n        <\/div>\r\n    <\/div>    <div class=\"ep-box-col-3 ep-col-md-6 ep-mb-3 ep-venue-col-section\">\r\n        <div class=\"ep-box-card-item \">\r\n            <div class=\"ep-box-card-thumb\" >\r\n                <a href=\"https:\/\/karaoke-in-berlin.org\/?page_id=10&amp;venue=175\" class=\"ep-img-link\">\r\n                    <img decoding=\"async\" src=\"https:\/\/karaoke-in-berlin.org\/wp-content\/plugins\/eventprime-event-calendar-management\/admin\/partials\/images\/dummy_image.png\" alt=\"a&amp;o Hostel Berlin Kolumbus\">\r\n                <\/a>\r\n            <\/div>\r\n            <div class=\"ep-box-card-content ep-p-3 ep-bg-white\">\r\n                <div class=\"ep-box-title ep-box-card-title ep-text-truncate ep-mb-2\">\r\n                    <a href=\"https:\/\/karaoke-in-berlin.org\/?page_id=10&#038;venue=175\" class=\"ep-fw-bold ep-fs-6\">\r\n                        a&amp;o Hostel Berlin Kolumbus                    <\/a>\r\n                <\/div>\r\n                \r\n                <div class=\"ep-box-card-venue ep-card-venue ep-text-muted ep-text-small ep-text-truncate ep-mb-1\">\r\n                    a&amp;o Hostel Berlin Kolumbus, Genslerstra\u00dfe, Bezirk Lichtenberg, Deutschland                <\/div>\r\n                \r\n                <div class=\"ep-venue-seating-capacity ep-event-details ep-text-small ep-d-flex ep-justify-content-between\">\r\n                                            <div class=\"ep-event-attr-name ep-fw-bold\">Type : Standing<\/div>\r\n                                        <\/div>\r\n            <\/div>\r\n        <\/div>\r\n    <\/div>    <div class=\"ep-box-col-3 ep-col-md-6 ep-mb-3 ep-venue-col-section\">\r\n        <div class=\"ep-box-card-item \">\r\n            <div class=\"ep-box-card-thumb\" >\r\n                <a href=\"https:\/\/karaoke-in-berlin.org\/?page_id=10&amp;venue=174\" class=\"ep-img-link\">\r\n                    <img decoding=\"async\" src=\"https:\/\/karaoke-in-berlin.org\/wp-content\/plugins\/eventprime-event-calendar-management\/admin\/partials\/images\/dummy_image.png\" alt=\"a&amp;o Hostel Friedrichshain\">\r\n                <\/a>\r\n            <\/div>\r\n            <div class=\"ep-box-card-content ep-p-3 ep-bg-white\">\r\n                <div class=\"ep-box-title ep-box-card-title ep-text-truncate ep-mb-2\">\r\n                    <a href=\"https:\/\/karaoke-in-berlin.org\/?page_id=10&#038;venue=174\" class=\"ep-fw-bold ep-fs-6\">\r\n                        a&amp;o Hostel Friedrichshain                    <\/a>\r\n                <\/div>\r\n                \r\n                <div class=\"ep-box-card-venue ep-card-venue ep-text-muted ep-text-small ep-text-truncate ep-mb-1\">\r\n                    a&amp;o Hostel Berlin Friedrichshain 1, Boxhagener Stra\u00dfe, Berlin-Bezirk Friedrichshain-Kreuzberg, Deutschland                <\/div>\r\n                \r\n                <div class=\"ep-venue-seating-capacity ep-event-details ep-text-small ep-d-flex ep-justify-content-between\">\r\n                                            <div class=\"ep-event-attr-name ep-fw-bold\">Type : Standing<\/div>\r\n                                        <\/div>\r\n            <\/div>\r\n        <\/div>\r\n    <\/div>    <div class=\"ep-box-col-3 ep-col-md-6 ep-mb-3 ep-venue-col-section\">\r\n        <div class=\"ep-box-card-item \">\r\n            <div class=\"ep-box-card-thumb\" >\r\n                <a href=\"https:\/\/karaoke-in-berlin.org\/?page_id=10&amp;venue=173\" class=\"ep-img-link\">\r\n                    <img decoding=\"async\" src=\"https:\/\/karaoke-in-berlin.org\/wp-content\/plugins\/eventprime-event-calendar-management\/admin\/partials\/images\/dummy_image.png\" alt=\"Ponyhof\">\r\n                <\/a>\r\n            <\/div>\r\n            <div class=\"ep-box-card-content ep-p-3 ep-bg-white\">\r\n                <div class=\"ep-box-title ep-box-card-title ep-text-truncate ep-mb-2\">\r\n                    <a href=\"https:\/\/karaoke-in-berlin.org\/?page_id=10&#038;venue=173\" class=\"ep-fw-bold ep-fs-6\">\r\n                        Ponyhof                    <\/a>\r\n                <\/div>\r\n                \r\n                <div class=\"ep-box-card-venue ep-card-venue ep-text-muted ep-text-small ep-text-truncate ep-mb-1\">\r\n                    Ponyhof Berlin, Sch\u00f6nefelder Stra\u00dfe, Berlin-Bezirk Neuk\u00f6lln, Deutschland                <\/div>\r\n                \r\n                <div class=\"ep-venue-seating-capacity ep-event-details ep-text-small ep-d-flex ep-justify-content-between\">\r\n                                            <div class=\"ep-event-attr-name ep-fw-bold\">Type : Standing<\/div>\r\n                                        <\/div>\r\n            <\/div>\r\n        <\/div>\r\n    <\/div>    <div class=\"ep-box-col-3 ep-col-md-6 ep-mb-3 ep-venue-col-section\">\r\n        <div class=\"ep-box-card-item \">\r\n            <div class=\"ep-box-card-thumb\" >\r\n                <a href=\"https:\/\/karaoke-in-berlin.org\/?page_id=10&amp;venue=172\" class=\"ep-img-link\">\r\n                    <img decoding=\"async\" src=\"https:\/\/karaoke-in-berlin.org\/wp-content\/plugins\/eventprime-event-calendar-management\/admin\/partials\/images\/dummy_image.png\" alt=\"Luna Sportsbar\">\r\n                <\/a>\r\n            <\/div>\r\n            <div class=\"ep-box-card-content ep-p-3 ep-bg-white\">\r\n                <div class=\"ep-box-title ep-box-card-title ep-text-truncate ep-mb-2\">\r\n                    <a href=\"https:\/\/karaoke-in-berlin.org\/?page_id=10&#038;venue=172\" class=\"ep-fw-bold ep-fs-6\">\r\n                        Luna Sportsbar                    <\/a>\r\n                <\/div>\r\n                \r\n                <div class=\"ep-box-card-venue ep-card-venue ep-text-muted ep-text-small ep-text-truncate ep-mb-1\">\r\n                    LUNA SPORTSBAR, D\u00fcppelstra\u00dfe, Berlin, Deutschland                <\/div>\r\n                \r\n                <div class=\"ep-venue-seating-capacity ep-event-details ep-text-small ep-d-flex ep-justify-content-between\">\r\n                                            <div class=\"ep-event-attr-name ep-fw-bold\">Type : Standing<\/div>\r\n                                        <\/div>\r\n            <\/div>\r\n        <\/div>\r\n    <\/div>                <\/div>\r\n            <\/div>\r\n        <\/div>\r\n                <div class=\"ep-venues-load-more ep-frontend-loadmore ep-box-w-100 ep-my-4 ep-text-center\">\r\n                                    <input type=\"hidden\" id=\"ep-venues-orderby\" value=\"term_id\"\/>\r\n                                        <input type=\"hidden\" id=\"ep-venues-order\" value=\"desc\"\/>\r\n                                        <input type=\"hidden\" id=\"ep-venues-name__like\" value=\"\"\/>\r\n                                        <input type=\"hidden\" id=\"ep-venues-limit\" value=\"10\"\/>\r\n                                        <input type=\"hidden\" id=\"ep-venues-total_count\" value=\"146\"\/>\r\n                                        <input type=\"hidden\" id=\"ep-venues-load_more\" value=\"1\"\/>\r\n                                        <input type=\"hidden\" id=\"ep-venues-paged\" value=\"1\"\/>\r\n                                        <input type=\"hidden\" id=\"ep-venues-style\" value=\"card\"\/>\r\n                                        <input type=\"hidden\" id=\"ep-venues-featured\" value=\"0\"\/>\r\n                                        <input type=\"hidden\" id=\"ep-venues-popular\" value=\"0\"\/>\r\n                                        <input type=\"hidden\" id=\"ep-venues-cols\" value=\"4\"\/>\r\n                                        <input type=\"hidden\" id=\"ep-venues-box_color\" value=\"\"\/>\r\n                                        <input type=\"hidden\" id=\"ep-venues-ep_search\" value=\"\"\/>\r\n                                        <button data-max=\"15\" id=\"ep-loadmore-ep-venues\" class=\"ep-btn ep-btn-outline-primary\"><span class=\"ep-spinner ep-spinner-border-sm ep-mr-1\"><\/span>Load more<\/button>\r\n            <\/div>\r\n                <\/div><\/div>\n","protected":false},"excerpt":{"rendered":"","protected":false},"author":1,"featured_media":0,"parent":0,"menu_order":0,"comment_status":"closed","ping_status":"closed","template":"","meta":{"ocean_post_layout":"","ocean_both_sidebars_style":"","ocean_both_sidebars_content_width":0,"ocean_both_sidebars_sidebars_width":0,"ocean_sidebar":"","ocean_second_sidebar":"","ocean_disable_margins":"enable","ocean_add_body_class":"","ocean_shortcode_before_top_bar":"","ocean_shortcode_after_top_bar":"","ocean_shortcode_before_header":"","ocean_shortcode_after_header":"","ocean_has_shortcode":"","ocean_shortcode_after_title":"","ocean_shortcode_before_footer_widgets":"","ocean_shortcode_after_footer_widgets":"","ocean_shortcode_before_footer_bottom":"","ocean_shortcode_after_footer_bottom":"","ocean_display_top_bar":"default","ocean_display_header":"default","ocean_header_style":"","ocean_center_header_left_menu":"","ocean_custom_header_template":"","ocean_custom_logo":0,"ocean_custom_retina_logo":0,"ocean_custom_logo_max_width":0,"ocean_custom_logo_tablet_max_width":0,"ocean_custom_logo_mobile_max_width":0,"ocean_custom_logo_max_height":0,"ocean_custom_logo_tablet_max_height":0,"ocean_custom_logo_mobile_max_height":0,"ocean_header_custom_menu":"","ocean_menu_typo_font_family":"","ocean_menu_typo_font_subset":"","ocean_menu_typo_font_size":0,"ocean_menu_typo_font_size_tablet":0,"ocean_menu_typo_font_size_mobile":0,"ocean_menu_typo_font_size_unit":"px","ocean_menu_typo_font_weight":"","ocean_menu_typo_font_weight_tablet":"","ocean_menu_typo_font_weight_mobile":"","ocean_menu_typo_transform":"","ocean_menu_typo_transform_tablet":"","ocean_menu_typo_transform_mobile":"","ocean_menu_typo_line_height":0,"ocean_menu_typo_line_height_tablet":0,"ocean_menu_typo_line_height_mobile":0,"ocean_menu_typo_line_height_unit":"","ocean_menu_typo_spacing":0,"ocean_menu_typo_spacing_tablet":0,"ocean_menu_typo_spacing_mobile":0,"ocean_menu_typo_spacing_unit":"","ocean_menu_link_color":"","ocean_menu_link_color_hover":"","ocean_menu_link_color_active":"","ocean_menu_link_background":"","ocean_menu_link_hover_background":"","ocean_menu_link_active_background":"","ocean_menu_social_links_bg":"","ocean_menu_social_hover_links_bg":"","ocean_menu_social_links_color":"","ocean_menu_social_hover_links_color":"","ocean_disable_title":"default","ocean_disable_heading":"default","ocean_post_title":"","ocean_post_subheading":"","ocean_post_title_style":"","ocean_post_title_background_color":"","ocean_post_title_background":0,"ocean_post_title_bg_image_position":"","ocean_post_title_bg_image_attachment":"","ocean_post_title_bg_image_repeat":"","ocean_post_title_bg_image_size":"","ocean_post_title_height":0,"ocean_post_title_bg_overlay":0.5,"ocean_post_title_bg_overlay_color":"","ocean_disable_breadcrumbs":"default","ocean_breadcrumbs_color":"","ocean_breadcrumbs_separator_color":"","ocean_breadcrumbs_links_color":"","ocean_breadcrumbs_links_hover_color":"","ocean_display_footer_widgets":"default","ocean_display_footer_bottom":"default","ocean_custom_footer_template":"","osh_disable_topbar_sticky":"default","osh_disable_header_sticky":"default","osh_sticky_header_style":"default","osh_sticky_header_effect":"","osh_custom_sticky_logo":0,"osh_custom_retina_sticky_logo":0,"osh_custom_sticky_logo_height":0,"osh_background_color":"","osh_links_color":"","osh_links_hover_color":"","osh_links_active_color":"","osh_links_bg_color":"","osh_links_hover_bg_color":"","osh_links_active_bg_color":"","osh_menu_social_links_color":"","osh_menu_social_hover_links_color":"","footnotes":""},"class_list":["post-10","page","type-page","status-publish","hentry","entry"],"aioseo_notices":[],"jetpack_sharing_enabled":true,"_links":{"self":[{"href":"https:\/\/karaoke-in-berlin.org\/index.php?rest_route=\/wp\/v2\/pages\/10","targetHints":{"allow":["GET"]}}],"collection":[{"href":"https:\/\/karaoke-in-berlin.org\/index.php?rest_route=\/wp\/v2\/pages"}],"about":[{"href":"https:\/\/karaoke-in-berlin.org\/index.php?rest_route=\/wp\/v2\/types\/page"}],"author":[{"embeddable":true,"href":"https:\/\/karaoke-in-berlin.org\/index.php?rest_route=\/wp\/v2\/users\/1"}],"replies":[{"embeddable":true,"href":"https:\/\/karaoke-in-berlin.org\/index.php?rest_route=%2Fwp%2Fv2%2Fcomments&post=10"}],"version-history":[{"count":0,"href":"https:\/\/karaoke-in-berlin.org\/index.php?rest_route=\/wp\/v2\/pages\/10\/revisions"}],"wp:attachment":[{"href":"https:\/\/karaoke-in-berlin.org\/index.php?rest_route=%2Fwp%2Fv2%2Fmedia&parent=10"}],"curies":[{"name":"wp","href":"https:\/\/api.w.org\/{rel}","templated":true}]}}